{"id":21868,"date":"2023-04-11T15:50:35","date_gmt":"2023-04-11T20:50:35","guid":{"rendered":"https:\/\/fcctp.usmp.edu.pe\/site\/?page_id=21868"},"modified":"2025-10-10T14:10:47","modified_gmt":"2025-10-10T19:10:47","slug":"comision-disciplinaria-para-actos-de-hostigamiento-sexual","status":"publish","type":"page","link":"https:\/\/fcctp.usmp.edu.pe\/site\/comision-disciplinaria-para-actos-de-hostigamiento-sexual\/","title":{"rendered":"Comisi\u00f3n Disciplinaria para Actos de Hostigamiento Sexual"},"content":{"rendered":"\t\t<div data-elementor-type=\"wp-page\" data-elementor-id=\"21868\" class=\"elementor elementor-21868\">\n\t\t\t\t\t\t<div class=\"elementor-inner\">\n\t\t\t\t<div class=\"elementor-section-wrap\">\n\t\t\t\t\t\t\t\t\t<section class=\"elementor-section elementor-top-section elementor-element elementor-element-e8dcc58 elementor-section-boxed elementor-section-height-default elementor-section-height-default wpr-particle-no wpr-jarallax-no wpr-parallax-no\" data-id=\"e8dcc58\" data-element_type=\"section\">\n\t\t\t\t\t\t<div class=\"elementor-container elementor-column-gap-default\">\n\t\t\t\t\t\t\t<div class=\"elementor-row\">\n\t\t\t\t\t<div class=\"elementor-column elementor-col-100 elementor-top-column elementor-element elementor-element-315c5b5\" data-id=\"315c5b5\" data-element_type=\"column\">\n\t\t\t<div class=\"elementor-column-wrap elementor-element-populated\">\n\t\t\t\t\t\t\t<div class=\"elementor-widget-wrap\">\n\t\t\t\t\t\t<div class=\"elementor-element elementor-element-988925d elementor-widget elementor-widget-heading\" data-id=\"988925d\" data-element_type=\"widget\" data-widget_type=\"heading.default\">\n\t\t\t\t<div class=\"elementor-widget-container\">\n\t\t\t<h2 class=\"elementor-heading-title elementor-size-default\">Comisi\u00f3n Disciplinaria para Actos de Hostigamiento Sexual<\/h2>\t\t<\/div>\n\t\t\t\t<\/div>\n\t\t\t\t\t\t<\/div>\n\t\t\t\t\t<\/div>\n\t\t<\/div>\n\t\t\t\t\t\t\t\t<\/div>\n\t\t\t\t\t<\/div>\n\t\t<\/section>\n\t\t\t\t<section class=\"elementor-section elementor-top-section elementor-element elementor-element-51fb25a elementor-section-boxed elementor-section-height-default elementor-section-height-default wpr-particle-no wpr-jarallax-no wpr-parallax-no\" data-id=\"51fb25a\" data-element_type=\"section\">\n\t\t\t\t\t\t<div class=\"elementor-container elementor-column-gap-default\">\n\t\t\t\t\t\t\t<div class=\"elementor-row\">\n\t\t\t\t\t<div class=\"elementor-column elementor-col-100 elementor-top-column elementor-element elementor-element-a0ed529\" data-id=\"a0ed529\" data-element_type=\"column\">\n\t\t\t<div class=\"elementor-column-wrap elementor-element-populated\">\n\t\t\t\t\t\t\t<div class=\"elementor-widget-wrap\">\n\t\t\t\t\t\t<div class=\"elementor-element elementor-element-c27ec7a elementor-widget elementor-widget-text-editor\" data-id=\"c27ec7a\" data-element_type=\"widget\" data-widget_type=\"text-editor.default\">\n\t\t\t\t<div class=\"elementor-widget-container\">\n\t\t\t\t\t\t\t\t<div class=\"elementor-text-editor elementor-clearfix\">\n\t\t\t\t<p><strong>Finalidad:<\/strong><\/p><p>Garantizar una universidad libre de hostigamiento sexual, violencia y discriminaci\u00f3n, que promueva el ejercicio de derechos de las mujeres y hombres en igualdad de condiciones y relaciones de convivencia saludable entre y cada uno de los miembros de la comunidad educativa, como forma de prevenci\u00f3n de la violencia y construcci\u00f3n de ciudadan\u00eda en el claustro universitario.<\/p><p><strong>\u00c1mbito de aplicaci\u00f3n:<\/strong><\/p><p>\u2022 Entre estudiantes.<br \/>\u2022 De las autoridades, del personal docente y no docente de la Universidad, hacia uno o varios estudiantes.<br \/>\u2022 De los estudiantes hacia las autoridades, personal docente y no docente.<\/p><p><strong>Actos de hostigamiento sexual, violencia y discriminaci\u00f3n a denunciar:<\/strong><\/p><p>\u2022 Promesa impl\u00edcita o expresa a la v\u00edctima de un trato preferente o beneficioso respecto a su situaci\u00f3n actual o futura a cambio de favores sexuales u otros de la misma connotaci\u00f3n.<br \/>\u2022 Amenazas mediante las cuales se exija en forma impl\u00edcita o expl\u00edcita una conducta no deseada por la v\u00edctima, que atente o agravie su dignidad.<br \/>\u2022 Uso de t\u00e9rminos de naturaleza o connotaci\u00f3n sexual o sexista (escritos o verbales), insinuaciones sexuales, proposiciones sexuales, gestos obscenos o exhibici\u00f3n a trav\u00e9s de cualquier medio de im\u00e1genes de contenido sexual, que resulten insoportables, hostiles, humillantes u ofensivos para la v\u00edctima.<br \/>\u2022 Acercamientos corporales, roces, tocamientos u otras conductas f\u00edsicas de naturaleza sexual que resulten ofensivas y no deseadas por la v\u00edctima.<br \/>\u2022 Trato ofensivo u hostil por el rechazo de las conductas se\u00f1aladas.<br \/>\u2022 Env\u00edo de correos electr\u00f3nicos, mensajes o conversaciones escritas u orales instant\u00e1neas (chat) con insinuaciones sexuales, comentarios, chistes o fotograf\u00edas con contenido sexual, hostiles, humillantes, ofensivos.<br \/>\u2022 Llamadas, mensajes o notas an\u00f3nimas, con contenido sexual, hostiles, ofensivos.<br \/>\u2022 Amenaza o difusi\u00f3n de rumores de car\u00e1cter sexual, fotograf\u00edas o videos de contenido sexual, hostil, ofensivo, humillante.<br \/>\u2022 Cualquier otro acto de naturaleza sexual, discriminatoria o de violencia que menoscabe la dignidad de la v\u00edctima.<\/p><p>En caso seas v\u00edctima o tengas conocimiento de una posible situaci\u00f3n que constituya un acto de hostigamiento sexual, violencia y discriminaci\u00f3n, cont\u00e1ctanos a trav\u00e9s del correo:<br \/><strong>comite_hsvd@usmp.pe<\/strong><\/p><p><a href=\"https:\/\/fcctp.usmp.edu.pe\/pdf\/FORMULARIO_DENUNCIA_HOSTIGAMIENTO_SEXUAL.pdf\"><span style=\"text-decoration: underline;\"><strong>Descarga aqu\u00ed<\/strong> <\/span><\/a>el formulario de denuncia.<\/p><p>Para mayor informaci\u00f3n, revisa el reglamento:<\/p><p><a href=\"https:\/\/fcctp.usmp.edu.pe\/documentos\/transparencia\/2025\/Comision-Disciplinaria-para-Actos-de-Hostigamiento-Sexual.pdf\" target=\"_blank\" rel=\"noopener\">https:\/\/fcctp.usmp.edu.pe\/documentos\/transparencia\/2025\/Comision-Disciplinaria-para-Actos-de-Hostigamiento-Sexual.pdf<\/a><\/p>\t\t\t\t\t<\/div>\n\t\t\t\t\t\t<\/div>\n\t\t\t\t<\/div>\n\t\t\t\t\t\t<\/div>\n\t\t\t\t\t<\/div>\n\t\t<\/div>\n\t\t\t\t\t\t\t\t<\/div>\n\t\t\t\t\t<\/div>\n\t\t<\/section>\n\t\t\t\t\t\t\t\t\t<\/div>\n\t\t\t<\/div>\n\t\t\t\t\t<\/div>\n\t\t","protected":false},"excerpt":{"rendered":"<p>Comisi\u00f3n Disciplinaria para Actos de Hostigamiento Sexual Finalidad: Garantizar una universidad libre de hostigamiento sexual, violencia y discriminaci\u00f3n, que promueva el ejercicio de derechos de las mujeres y hombres en igualdad de condiciones y relaciones de convivencia saludable entre y cada uno de los miembros de la comunidad educativa, como forma de prevenci\u00f3n de la violencia y construcci\u00f3n de ciudadan\u00eda en el claustro universitario. \u00c1mbito de aplicaci\u00f3n: \u2022 Entre estudiantes.\u2022 De las autoridades, del personal docente y no docente de la Universidad, hacia uno o varios estudiantes.\u2022 De los estudiantes hacia las autoridades, personal docente y no docente. Actos de hostigamiento sexual, violencia y discriminaci\u00f3n a denunciar: \u2022 Promesa impl\u00edcita o expresa a la v\u00edctima de un trato preferente o beneficioso respecto a su situaci\u00f3n actual o futura a cambio de favores sexuales u otros de la misma connotaci\u00f3n.\u2022 Amenazas mediante las cuales se exija en forma impl\u00edcita o expl\u00edcita una conducta no deseada por la v\u00edctima, que atente o agravie su dignidad.\u2022 Uso de t\u00e9rminos de naturaleza o connotaci\u00f3n sexual o sexista (escritos o verbales), insinuaciones sexuales, proposiciones sexuales, gestos obscenos o exhibici\u00f3n a trav\u00e9s de cualquier medio de im\u00e1genes de contenido sexual, que resulten insoportables, hostiles, humillantes u ofensivos para la v\u00edctima.\u2022 Acercamientos corporales, roces, tocamientos u otras conductas f\u00edsicas de naturaleza sexual que resulten ofensivas y no deseadas por la v\u00edctima.\u2022 Trato ofensivo u hostil por el rechazo de las conductas se\u00f1aladas.\u2022 Env\u00edo de correos electr\u00f3nicos, mensajes o conversaciones escritas u orales instant\u00e1neas (chat) con insinuaciones sexuales, comentarios, chistes o fotograf\u00edas con contenido sexual, hostiles, humillantes, ofensivos.\u2022 Llamadas, mensajes o notas an\u00f3nimas, con contenido sexual, hostiles, ofensivos.\u2022 Amenaza o difusi\u00f3n de rumores de car\u00e1cter sexual, fotograf\u00edas o videos de contenido sexual, hostil, ofensivo, humillante.\u2022 Cualquier otro acto de naturaleza sexual, discriminatoria o de violencia que menoscabe la dignidad de la v\u00edctima. En caso seas v\u00edctima o tengas conocimiento de una posible situaci\u00f3n que constituya un acto de hostigamiento sexual, violencia y discriminaci\u00f3n, cont\u00e1ctanos a trav\u00e9s del correo:comite_hsvd@usmp.pe Descarga aqu\u00ed el formulario de denuncia. Para mayor informaci\u00f3n, revisa el reglamento: https:\/\/fcctp.usmp.edu.pe\/documentos\/transparencia\/2025\/Comision-Disciplinaria-para-Actos-de-Hostigamiento-Sexual.pdf<\/p>\n","protected":false},"author":4,"featured_media":0,"parent":0,"menu_order":0,"comment_status":"closed","ping_status":"closed","template":"","meta":{"content-type":"","inline_featured_image":false,"footnotes":""},"class_list":["post-21868","page","type-page","status-publish"],"yoast_head":"<!-- This site is optimized with the Yoast SEO plugin v26.5 - https:\/\/yoast.com\/wordpress\/plugins\/seo\/ -->\n<title>Comisi\u00f3n Disciplinaria para Actos de Hostigamiento Sexual - Facultad de Ciencias de la Comunicaci\u00f3n, Turismo y Psicolog\u00eda<\/title>\n<meta name=\"robots\" content=\"index, follow, max-snippet:-1, max-image-preview:large, max-video-preview:-1\" \/>\n<link rel=\"canonical\" href=\"https:\/\/fcctp.usmp.edu.pe\/site\/comision-disciplinaria-para-actos-de-hostigamiento-sexual\/\" \/>\n<meta property=\"og:locale\" content=\"es_ES\" \/>\n<meta property=\"og:type\" content=\"article\" \/>\n<meta property=\"og:title\" content=\"Comisi\u00f3n Disciplinaria para Actos de Hostigamiento Sexual - Facultad de Ciencias de la Comunicaci\u00f3n, Turismo y Psicolog\u00eda\" \/>\n<meta property=\"og:description\" content=\"Comisi\u00f3n Disciplinaria para Actos de Hostigamiento Sexual Finalidad: Garantizar una universidad libre de hostigamiento sexual, violencia y discriminaci\u00f3n, que promueva el ejercicio de derechos de las mujeres y hombres en igualdad de condiciones y relaciones de convivencia saludable entre y cada uno de los miembros de la comunidad educativa, como forma de prevenci\u00f3n de la violencia y construcci\u00f3n de ciudadan\u00eda en el claustro universitario. \u00c1mbito de aplicaci\u00f3n: \u2022 Entre estudiantes.\u2022 De las autoridades, del personal docente y no docente de la Universidad, hacia uno o varios estudiantes.\u2022 De los estudiantes hacia las autoridades, personal docente y no docente. Actos de hostigamiento sexual, violencia y discriminaci\u00f3n a denunciar: \u2022 Promesa impl\u00edcita o expresa a la v\u00edctima de un trato preferente o beneficioso respecto a su situaci\u00f3n actual o futura a cambio de favores sexuales u otros de la misma connotaci\u00f3n.\u2022 Amenazas mediante las cuales se exija en forma impl\u00edcita o expl\u00edcita una conducta no deseada por la v\u00edctima, que atente o agravie su dignidad.\u2022 Uso de t\u00e9rminos de naturaleza o connotaci\u00f3n sexual o sexista (escritos o verbales), insinuaciones sexuales, proposiciones sexuales, gestos obscenos o exhibici\u00f3n a trav\u00e9s de cualquier medio de im\u00e1genes de contenido sexual, que resulten insoportables, hostiles, humillantes u ofensivos para la v\u00edctima.\u2022 Acercamientos corporales, roces, tocamientos u otras conductas f\u00edsicas de naturaleza sexual que resulten ofensivas y no deseadas por la v\u00edctima.\u2022 Trato ofensivo u hostil por el rechazo de las conductas se\u00f1aladas.\u2022 Env\u00edo de correos electr\u00f3nicos, mensajes o conversaciones escritas u orales instant\u00e1neas (chat) con insinuaciones sexuales, comentarios, chistes o fotograf\u00edas con contenido sexual, hostiles, humillantes, ofensivos.\u2022 Llamadas, mensajes o notas an\u00f3nimas, con contenido sexual, hostiles, ofensivos.\u2022 Amenaza o difusi\u00f3n de rumores de car\u00e1cter sexual, fotograf\u00edas o videos de contenido sexual, hostil, ofensivo, humillante.\u2022 Cualquier otro acto de naturaleza sexual, discriminatoria o de violencia que menoscabe la dignidad de la v\u00edctima. En caso seas v\u00edctima o tengas conocimiento de una posible situaci\u00f3n que constituya un acto de hostigamiento sexual, violencia y discriminaci\u00f3n, cont\u00e1ctanos a trav\u00e9s del correo:comite_hsvd@usmp.pe Descarga aqu\u00ed el formulario de denuncia. Para mayor informaci\u00f3n, revisa el reglamento: https:\/\/fcctp.usmp.edu.pe\/documentos\/transparencia\/2025\/Comision-Disciplinaria-para-Actos-de-Hostigamiento-Sexual.pdf\" \/>\n<meta property=\"og:url\" content=\"https:\/\/fcctp.usmp.edu.pe\/site\/comision-disciplinaria-para-actos-de-hostigamiento-sexual\/\" \/>\n<meta property=\"og:site_name\" content=\"Facultad de Ciencias de la Comunicaci\u00f3n, Turismo y Psicolog\u00eda\" \/>\n<meta property=\"article:publisher\" content=\"https:\/\/www.facebook.com\/fcctp\" \/>\n<meta property=\"article:modified_time\" content=\"2025-10-10T19:10:47+00:00\" \/>\n<meta property=\"og:image\" content=\"https:\/\/fcctp.usmp.edu.pe\/site\/wp-content\/uploads\/2024\/11\/logo-fcctp.jpg\" \/>\n\t<meta property=\"og:image:width\" content=\"480\" \/>\n\t<meta property=\"og:image:height\" content=\"283\" \/>\n\t<meta property=\"og:image:type\" content=\"image\/jpeg\" \/>\n<meta name=\"twitter:card\" content=\"summary_large_image\" \/>\n<meta name=\"twitter:label1\" content=\"Tiempo de lectura\" \/>\n\t<meta name=\"twitter:data1\" content=\"2 minutos\" \/>\n<script type=\"application\/ld+json\" class=\"yoast-schema-graph\">{\"@context\":\"https:\/\/schema.org\",\"@graph\":[{\"@type\":\"WebPage\",\"@id\":\"https:\/\/fcctp.usmp.edu.pe\/site\/comision-disciplinaria-para-actos-de-hostigamiento-sexual\/\",\"url\":\"https:\/\/fcctp.usmp.edu.pe\/site\/comision-disciplinaria-para-actos-de-hostigamiento-sexual\/\",\"name\":\"Comisi\u00f3n Disciplinaria para Actos de Hostigamiento Sexual - Facultad de Ciencias de la Comunicaci\u00f3n, Turismo y Psicolog\u00eda\",\"isPartOf\":{\"@id\":\"https:\/\/fcctp.usmp.edu.pe\/site\/#website\"},\"datePublished\":\"2023-04-11T20:50:35+00:00\",\"dateModified\":\"2025-10-10T19:10:47+00:00\",\"breadcrumb\":{\"@id\":\"https:\/\/fcctp.usmp.edu.pe\/site\/comision-disciplinaria-para-actos-de-hostigamiento-sexual\/#breadcrumb\"},\"inLanguage\":\"es\",\"potentialAction\":[{\"@type\":\"ReadAction\",\"target\":[\"https:\/\/fcctp.usmp.edu.pe\/site\/comision-disciplinaria-para-actos-de-hostigamiento-sexual\/\"]}]},{\"@type\":\"BreadcrumbList\",\"@id\":\"https:\/\/fcctp.usmp.edu.pe\/site\/comision-disciplinaria-para-actos-de-hostigamiento-sexual\/#breadcrumb\",\"itemListElement\":[{\"@type\":\"ListItem\",\"position\":1,\"name\":\"Inicio\",\"item\":\"https:\/\/fcctp.usmp.edu.pe\/site\/\"},{\"@type\":\"ListItem\",\"position\":2,\"name\":\"Comisi\u00f3n Disciplinaria para Actos de Hostigamiento Sexual\",\"item\":\"https:\/\/fcctp.usmp.edu.pe\/site\/comision-disciplinaria-para-actos-de-hostigamiento-sexual\/\"}]},{\"@type\":\"WebSite\",\"@id\":\"https:\/\/fcctp.usmp.edu.pe\/site\/#website\",\"url\":\"https:\/\/fcctp.usmp.edu.pe\/site\/\",\"name\":\"Facultad de Ciencias de la Comunicaci\u00f3n, Turismo y Psicolog\u00eda\",\"description\":\"Universidad de San Mart\u00edn de Porres\",\"publisher\":{\"@id\":\"https:\/\/fcctp.usmp.edu.pe\/site\/#organization\"},\"alternateName\":\"FCCTP\",\"potentialAction\":[{\"@type\":\"SearchAction\",\"target\":{\"@type\":\"EntryPoint\",\"urlTemplate\":\"https:\/\/fcctp.usmp.edu.pe\/site\/?s={search_term_string}\"},\"query-input\":{\"@type\":\"PropertyValueSpecification\",\"valueRequired\":true,\"valueName\":\"search_term_string\"}}],\"inLanguage\":\"es\"},{\"@type\":\"Organization\",\"@id\":\"https:\/\/fcctp.usmp.edu.pe\/site\/#organization\",\"name\":\"Facultad de Ciencias de la Comunicaci\u00f3n, Turismo y Psicolog\u00eda\",\"alternateName\":\"USMP\",\"url\":\"https:\/\/fcctp.usmp.edu.pe\/site\/\",\"logo\":{\"@type\":\"ImageObject\",\"inLanguage\":\"es\",\"@id\":\"https:\/\/fcctp.usmp.edu.pe\/site\/#\/schema\/logo\/image\/\",\"url\":\"https:\/\/fcctp.usmp.edu.pe\/site\/wp-content\/uploads\/2024\/11\/icono-fcctp.jpg\",\"contentUrl\":\"https:\/\/fcctp.usmp.edu.pe\/site\/wp-content\/uploads\/2024\/11\/icono-fcctp.jpg\",\"width\":143,\"height\":151,\"caption\":\"Facultad de Ciencias de la Comunicaci\u00f3n, Turismo y Psicolog\u00eda\"},\"image\":{\"@id\":\"https:\/\/fcctp.usmp.edu.pe\/site\/#\/schema\/logo\/image\/\"},\"sameAs\":[\"https:\/\/www.facebook.com\/fcctp\"]}]}<\/script>\n<!-- \/ Yoast SEO plugin. -->","yoast_head_json":{"title":"Comisi\u00f3n Disciplinaria para Actos de Hostigamiento Sexual - Facultad de Ciencias de la Comunicaci\u00f3n, Turismo y Psicolog\u00eda","robots":{"index":"index","follow":"follow","max-snippet":"max-snippet:-1","max-image-preview":"max-image-preview:large","max-video-preview":"max-video-preview:-1"},"canonical":"https:\/\/fcctp.usmp.edu.pe\/site\/comision-disciplinaria-para-actos-de-hostigamiento-sexual\/","og_locale":"es_ES","og_type":"article","og_title":"Comisi\u00f3n Disciplinaria para Actos de Hostigamiento Sexual - Facultad de Ciencias de la Comunicaci\u00f3n, Turismo y Psicolog\u00eda","og_description":"Comisi\u00f3n Disciplinaria para Actos de Hostigamiento Sexual Finalidad: Garantizar una universidad libre de hostigamiento sexual, violencia y discriminaci\u00f3n, que promueva el ejercicio de derechos de las mujeres y hombres en igualdad de condiciones y relaciones de convivencia saludable entre y cada uno de los miembros de la comunidad educativa, como forma de prevenci\u00f3n de la violencia y construcci\u00f3n de ciudadan\u00eda en el claustro universitario. \u00c1mbito de aplicaci\u00f3n: \u2022 Entre estudiantes.\u2022 De las autoridades, del personal docente y no docente de la Universidad, hacia uno o varios estudiantes.\u2022 De los estudiantes hacia las autoridades, personal docente y no docente. Actos de hostigamiento sexual, violencia y discriminaci\u00f3n a denunciar: \u2022 Promesa impl\u00edcita o expresa a la v\u00edctima de un trato preferente o beneficioso respecto a su situaci\u00f3n actual o futura a cambio de favores sexuales u otros de la misma connotaci\u00f3n.\u2022 Amenazas mediante las cuales se exija en forma impl\u00edcita o expl\u00edcita una conducta no deseada por la v\u00edctima, que atente o agravie su dignidad.\u2022 Uso de t\u00e9rminos de naturaleza o connotaci\u00f3n sexual o sexista (escritos o verbales), insinuaciones sexuales, proposiciones sexuales, gestos obscenos o exhibici\u00f3n a trav\u00e9s de cualquier medio de im\u00e1genes de contenido sexual, que resulten insoportables, hostiles, humillantes u ofensivos para la v\u00edctima.\u2022 Acercamientos corporales, roces, tocamientos u otras conductas f\u00edsicas de naturaleza sexual que resulten ofensivas y no deseadas por la v\u00edctima.\u2022 Trato ofensivo u hostil por el rechazo de las conductas se\u00f1aladas.\u2022 Env\u00edo de correos electr\u00f3nicos, mensajes o conversaciones escritas u orales instant\u00e1neas (chat) con insinuaciones sexuales, comentarios, chistes o fotograf\u00edas con contenido sexual, hostiles, humillantes, ofensivos.\u2022 Llamadas, mensajes o notas an\u00f3nimas, con contenido sexual, hostiles, ofensivos.\u2022 Amenaza o difusi\u00f3n de rumores de car\u00e1cter sexual, fotograf\u00edas o videos de contenido sexual, hostil, ofensivo, humillante.\u2022 Cualquier otro acto de naturaleza sexual, discriminatoria o de violencia que menoscabe la dignidad de la v\u00edctima. En caso seas v\u00edctima o tengas conocimiento de una posible situaci\u00f3n que constituya un acto de hostigamiento sexual, violencia y discriminaci\u00f3n, cont\u00e1ctanos a trav\u00e9s del correo:comite_hsvd@usmp.pe Descarga aqu\u00ed el formulario de denuncia. Para mayor informaci\u00f3n, revisa el reglamento: https:\/\/fcctp.usmp.edu.pe\/documentos\/transparencia\/2025\/Comision-Disciplinaria-para-Actos-de-Hostigamiento-Sexual.pdf","og_url":"https:\/\/fcctp.usmp.edu.pe\/site\/comision-disciplinaria-para-actos-de-hostigamiento-sexual\/","og_site_name":"Facultad de Ciencias de la Comunicaci\u00f3n, Turismo y Psicolog\u00eda","article_publisher":"https:\/\/www.facebook.com\/fcctp","article_modified_time":"2025-10-10T19:10:47+00:00","og_image":[{"width":480,"height":283,"url":"https:\/\/fcctp.usmp.edu.pe\/site\/wp-content\/uploads\/2024\/11\/logo-fcctp.jpg","type":"image\/jpeg"}],"twitter_card":"summary_large_image","twitter_misc":{"Tiempo de lectura":"2 minutos"},"schema":{"@context":"https:\/\/schema.org","@graph":[{"@type":"WebPage","@id":"https:\/\/fcctp.usmp.edu.pe\/site\/comision-disciplinaria-para-actos-de-hostigamiento-sexual\/","url":"https:\/\/fcctp.usmp.edu.pe\/site\/comision-disciplinaria-para-actos-de-hostigamiento-sexual\/","name":"Comisi\u00f3n Disciplinaria para Actos de Hostigamiento Sexual - Facultad de Ciencias de la Comunicaci\u00f3n, Turismo y Psicolog\u00eda","isPartOf":{"@id":"https:\/\/fcctp.usmp.edu.pe\/site\/#website"},"datePublished":"2023-04-11T20:50:35+00:00","dateModified":"2025-10-10T19:10:47+00:00","breadcrumb":{"@id":"https:\/\/fcctp.usmp.edu.pe\/site\/comision-disciplinaria-para-actos-de-hostigamiento-sexual\/#breadcrumb"},"inLanguage":"es","potentialAction":[{"@type":"ReadAction","target":["https:\/\/fcctp.usmp.edu.pe\/site\/comision-disciplinaria-para-actos-de-hostigamiento-sexual\/"]}]},{"@type":"BreadcrumbList","@id":"https:\/\/fcctp.usmp.edu.pe\/site\/comision-disciplinaria-para-actos-de-hostigamiento-sexual\/#breadcrumb","itemListElement":[{"@type":"ListItem","position":1,"name":"Inicio","item":"https:\/\/fcctp.usmp.edu.pe\/site\/"},{"@type":"ListItem","position":2,"name":"Comisi\u00f3n Disciplinaria para Actos de Hostigamiento Sexual","item":"https:\/\/fcctp.usmp.edu.pe\/site\/comision-disciplinaria-para-actos-de-hostigamiento-sexual\/"}]},{"@type":"WebSite","@id":"https:\/\/fcctp.usmp.edu.pe\/site\/#website","url":"https:\/\/fcctp.usmp.edu.pe\/site\/","name":"Facultad de Ciencias de la Comunicaci\u00f3n, Turismo y Psicolog\u00eda","description":"Universidad de San Mart\u00edn de Porres","publisher":{"@id":"https:\/\/fcctp.usmp.edu.pe\/site\/#organization"},"alternateName":"FCCTP","potentialAction":[{"@type":"SearchAction","target":{"@type":"EntryPoint","urlTemplate":"https:\/\/fcctp.usmp.edu.pe\/site\/?s={search_term_string}"},"query-input":{"@type":"PropertyValueSpecification","valueRequired":true,"valueName":"search_term_string"}}],"inLanguage":"es"},{"@type":"Organization","@id":"https:\/\/fcctp.usmp.edu.pe\/site\/#organization","name":"Facultad de Ciencias de la Comunicaci\u00f3n, Turismo y Psicolog\u00eda","alternateName":"USMP","url":"https:\/\/fcctp.usmp.edu.pe\/site\/","logo":{"@type":"ImageObject","inLanguage":"es","@id":"https:\/\/fcctp.usmp.edu.pe\/site\/#\/schema\/logo\/image\/","url":"https:\/\/fcctp.usmp.edu.pe\/site\/wp-content\/uploads\/2024\/11\/icono-fcctp.jpg","contentUrl":"https:\/\/fcctp.usmp.edu.pe\/site\/wp-content\/uploads\/2024\/11\/icono-fcctp.jpg","width":143,"height":151,"caption":"Facultad de Ciencias de la Comunicaci\u00f3n, Turismo y Psicolog\u00eda"},"image":{"@id":"https:\/\/fcctp.usmp.edu.pe\/site\/#\/schema\/logo\/image\/"},"sameAs":["https:\/\/www.facebook.com\/fcctp"]}]}},"_links":{"self":[{"href":"https:\/\/fcctp.usmp.edu.pe\/site\/wp-json\/wp\/v2\/pages\/21868","targetHints":{"allow":["GET"]}}],"collection":[{"href":"https:\/\/fcctp.usmp.edu.pe\/site\/wp-json\/wp\/v2\/pages"}],"about":[{"href":"https:\/\/fcctp.usmp.edu.pe\/site\/wp-json\/wp\/v2\/types\/page"}],"author":[{"embeddable":true,"href":"https:\/\/fcctp.usmp.edu.pe\/site\/wp-json\/wp\/v2\/users\/4"}],"replies":[{"embeddable":true,"href":"https:\/\/fcctp.usmp.edu.pe\/site\/wp-json\/wp\/v2\/comments?post=21868"}],"version-history":[{"count":34,"href":"https:\/\/fcctp.usmp.edu.pe\/site\/wp-json\/wp\/v2\/pages\/21868\/revisions"}],"predecessor-version":[{"id":42674,"href":"https:\/\/fcctp.usmp.edu.pe\/site\/wp-json\/wp\/v2\/pages\/21868\/revisions\/42674"}],"wp:attachment":[{"href":"https:\/\/fcctp.usmp.edu.pe\/site\/wp-json\/wp\/v2\/media?parent=21868"}],"curies":[{"name":"wp","href":"https:\/\/api.w.org\/{rel}","templated":true}]}}